f - s. What is the greatest common factor of 154 and f?
14
Let p be ((-8)/(-2))/4*299. Suppose 79 = -5*a + p. What is the highest common divisor of a and 22?
22
Let v be ((-195)/(-30))/(1/2). Suppose -14*k + v*k = -24. Calculate the highest common factor of 24 and k.
24
Let t(b) = 22*b + 136. Let o be t(-6). Calculate the highest common divisor of o and 3.
1
Suppose 0 = -5*y - 96*d + 100*d + 442, y = -d + 92. Let u(r) = -4*r - 6. Let o be u(-6). What is the highest common divisor of o and y?
18
Let c be 0*(2 + 9/(-6)). Suppose c*y + 3*y = 132. Suppose -5*b + p + y = 0, 0 = -b + 4*p - 2*p + 16. Calculate the highest common factor of 20 and b.
4
Let a = 4 + -1. Suppose 5*y - 22 = 2*c - 6, 3*y = -2*c. Let d be 1*(-3 - -9 - c). What is the greatest common factor of a and d?
3
Suppose l + 3 = 7. Suppose p = -c - 0*c + 33, l*c - 130 = -2*p. What is the greatest common divisor of c and 4?
4
Let m = -26 + 46. Suppose -3*v - 47 - 16 = 0. Let r = -11 - v. What is the highest common factor of r and m?
10
Let t = 919 - 857. Calculate the highest common factor of t and 31.
31
Let l = 11 - 5. Let r(c) = c**2 + 48*c - 367. Let o be r(-55). What is the greatest common divisor of l and o?
6
Suppose -a + 5*a - 80 = 0. Let b be a*(-1 - -1 - 12/(-15)). Calculate the greatest common factor of 128 and b.
16
Let w(q) = 3*q + 3. Let v be w(4). Let h = 41 - v. Suppose u - h = -u. What is the highest common divisor of u and 39?
13
Suppose -2*y - 2015 = -5*q, 0 = -q - 2*y + 471 - 56. Calculate the greatest common divisor of 15 and q.
15
Let a(c) = 1 + 7*c + 11*c - 26*c. Let h be a(-5). What is the greatest common divisor of 123 and h?
41
Let l be 25*21/14*(0 + 2). Calculate the highest common factor of l and 15.
15
Suppose 2*r = 5*j + 83, r + 1 = -0. Let w = 28 + j. Let v = 2 - 1. Calculate the highest common divisor of v and w.
1
Suppose -5*g + 248 = 23. Suppose -1470 = -2*f - 19*f. Suppose f - 25 = 3*v. What is the highest common factor of v and g?
15
Let k be 13 + -15 + -1 + 79*1. Calculate the greatest common factor of k and 2052.
76
Let m be (35/28)/((-2)/8). Let p(q) = 6*q**2 + 7*q - 10. Let o be p(m). Calculate the greatest common divisor of 42 and o.
21
Let k = -9 - -7. Let p be (15/6 + -2)/(k/(-12)). Let b(i) = i**2 + 9*i + 9. Let d be b(-8). What is the highest common factor of d and p?
1
Suppose 11*x - 15*x = -512. Calculate the highest common factor of 208 and x.
16
Let m = 86 + -85. Let v be (-16 - -24)*1/m. Calculate the greatest common factor of 16 and v.
8
Let d(p) = -65*p - 85*p - 3 - 69*p + 48*p. Let v be d(-1). Let n be 4*((-50)/(-8) + -1). What is the greatest common factor of n and v?
21
Let m(w) = w**2 + 16*w + 10. Let q be m(-16). Calculate the highest common factor of 45 and q.
5
Let o be 11 - 6204/(-108) - 4/9. Let j be 2/2*(17 - 0). Calculate the highest common divisor of j and o.
17
Let y be (-1)/(-15)*3 - (-2)/(-10). Let p(v) = -v**3 + 3*v**2 + v. Let l be p(3). Suppose l = s - y. Calculate the greatest common factor of 2 and s.
1
Let w = 9659 - 9575. Suppose 5*z + 2*k = 70, 3*z = 4*k + 20 - 4. Calculate the greatest common factor of z and w.
12
Let j(z) = -2*z**3 + 7*z**2 + 2*z - 18. Let g be j(3). Let d(u) = -7*u + 0*u - 3 + 2. Let x be d(g). Calculate the highest common divisor of 30 and x.
10
Suppose -2*f - 5 + 15 = 0. Let q = 6 - 1. Suppose -u + 8 + 10 = q*k, -f*u - 10 = 0. Calculate the highest common factor of k and 20.
4
Suppose s + 4*j + 14 = 0, -70 = s + 4*s - j. Let h be (-2)/3*21/s. What is the greatest common factor of h and 8?
1
Suppose -156 = -5*u - 101. Calculate the highest common factor of 11 and u.
11
Suppose 2*z - 4 = c + 3*z, 3*c = 2*z - 12. Let u = c - -25. Suppose q = 2*q - u. Calculate the highest common divisor of q and 231.
21
Suppose -46*j + 32*j + 3192 = 0. Calculate the greatest common divisor of j and 1938.
114
Let a be -2*5/10*-79. What is the greatest common factor of a and 869?
79
Suppose 18*a = 15*a + 12. Suppose -a = 4*u, -3*u = 2*y - 30 - 21. What is the highest common factor of 9 and y?
9
Suppose -5*z - 3*b = 18 - 105, -5*b = 2*z - 31. Calculate the greatest common factor of 45 and z.
9
Let n = -49 - -38. Let t = n + 16. What is the greatest common divisor of 40 and t?
5
Let p = -177 + 249. Calculate the greatest common factor of 18 and p.
18
Suppose 3*k - 3410 = 19*m - 21*m, -5*m - 5*k + 8535 = 0. What is the greatest common factor of 59 and m?
59
Suppose -2*y + 58 = 2*n, -4*n + 40 + 61 = y. Calculate the greatest common divisor of 56 and n.
8
Let q = 8 - 6. Suppose -3*l + 19 = f - q*l, 43 = 2*f + 3*l. Calculate the highest common factor of 14 and f.
14
Let z = 23 - 14. Suppose -10 = -5*j, -j + 12 - 22 = -4*h. What is the highest common factor of z and h?
3
Let d = 2629 + -1524. What is the highest common divisor of d and 85?
85
Suppose 5*l - 2 = -7, 2*i = -l - 95. Let b = 104 + i. Calculate the highest common divisor of 38 and b.
19
Suppose 73 = -10*n + 11*n - 5*s, 4*n = 2*s + 238. What is the greatest common divisor of n and 1566?
58
Let q(m) = -2*m**3 - 3*m**2 + 3*m**3 + 2*m - 3*m + 1 - 3. Let v be q(4). Suppose 0 = u - 4 - 1. Calculate the greatest common divisor of v and u.
5
Suppose -4*s = -4*d + 92, 5*d - 4*d - 14 = -2*s. Suppose 27 = 3*n - 4*v, -16 - d = -4*n - 3*v. What is the greatest common divisor of n and 45?
9
Let v(z) be the first derivative of 25/3*z**3 - 2*z - 5 - 3/2*z**2. Let h be v(-2). Calculate the greatest common divisor of h and 13.
13
Let t be (-66)/(-15) + (-6)/15. Let a = 0 + t. Suppose -3 = -2*z + 1. Calculate the highest common divisor of a and z.
2
Let i(x) = 3*x + 75. Let z be i(14). Let p = 325 - z. What is the greatest common divisor of p and 26?
26
Suppose -3*n - 1 = -22. Suppose -n*b = -9 - 75. Calculate the greatest common divisor of 132 and b.
12
Let d = 7 + 7. Let h be (10/3)/(d/21). Suppose -3*v + h*n = -5, 30 = -v + 3*v + 2*n. Calculate the greatest common factor of 5 and v.
5
Let c(x) = -2*x**3 + 45*x**2 + 9*x - 44. Let q be c(22). Calculate the greatest common divisor of q and 22.
22
Suppose -17*d + 110 = -7*d. Let u(z) = z**3 + 7*z**2 - 6. Let y be u(-5). What is the greatest common divisor of y and d?
11
Let y = 7 - 2. Let s be 75/150*-8*(0 + -1). Suppose d = -4*q + 38, s*d + 0*q - y*q = 47. Calculate the highest common factor of 6 and d.
6
Let u be (-16)/12 - 123/9. Let w be 2/6 + (-40)/u + 87. What is the greatest common divisor of 18 and w?
18
Suppose -10*v + 7*v = 3*o - 42, 0 = 4*o - 20. Calculate the greatest common factor of 27 and v.
9
Suppose 5*q - 372 - 563 = 0. Let c = 3 - 0. Suppose i + 4*i + 4*p = 69, c*p - 73 = -5*i. What is the highest common divisor of i and q?
17
Let h be (-36)/(-42)*(1 - -41). Suppose 2*k - 30 = 2*z + 26, 2*z + 3*k = -66. Let y be (-4)/10 + (-282)/z. Calculate the highest common divisor of h and y.
9
Let r be ((-8)/(-5) - 2)/(2/(-600)). Calculate the highest common factor of r and 260.
20
Let g(p) = -135*p + 719. Let x be g(5). Calculate the greatest common divisor of 330 and x.
22
Let y(n) = n**2 - 7*n - 21. Let r(a) = a**2 - a. Let p(l) = 2*r(l) - y(l). Let z be p(-7). What is the highest common factor of z and 7?
7
Suppose -537*f + 46 = -536*f. What is the greatest common divisor of f and 69?
23
Let p(o) = 3 + 11*o**2 - 7*o - 9*o**2 - 3 + 2. Let v be p(6). Calculate the highest common factor of v and 4.
4
Suppose -37 + 4 = -3*b. Suppose b*w = 7*w + 60. Suppose -4*a = -3*t + 303, 327 = 3*t + 5*a - a. What is the highest common factor of w and t?
15
Suppose -4*b + 680 = 2*n, -516 = 15*b - 18*b - 3*n. Let w(c) = 4*c + 5. Let l be w(4). What is the greatest common factor of b and l?
21
Suppose -550 = -5*x + 5*u + 515, u = -2*x + 417. Calculate the highest common divisor of x and 60.
30
Let z be 15/90 - 83/(-6). What is the highest common factor of z and 4?
2
Suppose -2*l = 3*l - 20. Suppose -3*c + 31 = d + 3, l*c - 72 = -4*d. What is the greatest common factor of 91 and d?
13
Let j be 37/7*1 + 2/(-7). Calculate the greatest common factor of j and 630.
5
Let c(t) = -2*t**2 + 26*t + 36. Let p be c(9). What is the highest common factor of 72 and p?
36
Let y = 0 - -1. Let a = -3579 - -3580. Calculate the highest common factor of a and y.
1
Let i = 136 - 72. Let l(y) = -y**3 + 4*y**2 + 7*y - 2. Suppose 3*r = -4*o + 15, 0 = 4*o - 